nder when 169586 is divided by 8.
2
Calculate the remainder when 383006 is divided by 95751.
2
What is the remainder when 2205 is divided by 975?
255
What is the remainder when 666 is divided by 192?
90
What is the remainder when 3166 is divided by 29?
5
What is the remainder when 105915 is divided by 166?
7
What is the remainder when 20839 is divided by 20?
19
Calculate the remainder when 156717 is divided by 254.
253
What is the remainder when 411399 is divided by 55?
54
Calculate the remainder when 47339 is divided by 189.
89
Calculate the remainder when 954716 is divided by 160.
156
Calculate the remainder when 3029 is divided by 964.
137
What is the remainder when 34243 is divided by 326?
13
What is the remainder when 147810 is divided by 70?
40
Calculate the remainder when 1875 is divided by 267.
6
What is the remainder when 1504 is divided by 14?
6
Calculate the remainder when 44006 is divided by 709.
48
Calculate the remainder when 2461 is divided by 2449.
12
What is the remainder when 25566 is divided by 981?
60
Calculate the remainder when 18289 is divided by 18280.
9
Calculate the remainder when 11642 is divided by 43.
32
What is the remainder when 242 is divided by 219?
23
Calculate the remainder when 984 is divided by 290.
114
What is the remainder when 2437 is divided by 779?
100
Calculate the remainder when 36068 is divided by 20.
8
Calculate the remainder when 1387 is divided by 233.
222
What is the remainder when 392025 is divided by 31?
30
Calculate the remainder when 2064 is divided by 90.
84
What is the remainder when 7486 is divided by 3?
1
What is the remainder when 413276 is divided by 137749?
29
What is the remainder when 4120 is divided by 342?
16
What is the remainder when 8901 is divided by 4416?
69
Calculate the remainder when 6086 is divided by 169.
2
What is the remainder when 216013 is divided by 114?
97
What is the remainder when 254520 is divided by 36359?
7
Calculate the remainder when 8043 is divided by 259.
14
What is the remainder when 813 is divided by 320?
173
Calculate the remainder when 58151 is divided by 531.
272
Calculate the remainder when 5211 is divided by 1729.
24
Calculate the remainder when 279507 is divided by 19964.
11
Calculate the remainder when 61321 is divided by 22.
7
Calculate the remainder when 3129 is divided by 55.
49
Calculate the remainder when 41073 is divided by 33.
21
Calculate the remainder when 27684 is divided by 23.
15
What is the remainder when 18614 is divided by 8727?
1160
What is the remainder when 16574 is divided by 74?
72
What is the remainder when 116845 is divided by 38919?
88
Calculate the remainder when 57347 is divided by 253.
169
Calculate the remainder when 616247 is divided by 625.
622
What is the remainder when 21662 is divided by 74?
54
What is the remainder when 23718 is divided by 173?
17
What is the remainder when 3832 is divided by 12?
4
What is the remainder when 8481 is divided by 59?
44
Calculate the remainder when 48858 is divided by 397.
27
What is the remainder when 4684 is divided by 690?
544
What is the remainder when 62465 is divided by 804?
557
Calculate the remainder when 95032 is divided by 750.
532
Calculate the remainder when 100590 is divided by 9.
6
What is the remainder when 93821 is divided by 225?
221
What is the remainder when 6603 is divided by 3299?
5
What is the remainder when 91577 is divided by 576?
569
Calculate the remainder when 240736 is divided by 1330.
6
What is the remainder when 43646 is divided by 2424?
14
What is the remainder when 288664 is divided by 261?
259
What is the remainder when 8400 is divided by 3?
0
Calculate the remainder when 29508 is divided by 34.
30
Calculate the remainder when 47281 is divided by 1009.
867
What is the remainder when 3802 is divided by 1212?
166
What is the remainder when 775123 is divided by 1325?
1323
Calculate the remainder when 404858 is divided by 918.
20
Calculate the remainder when 41921 is divided by 13973.
2
What is the remainder when 46913 is divided by 114?
59
What is the remainder when 734 is divided by 53?
45
What is the remainder when 391559 is divided by 52?
51
What is the remainder when 279 is divided by 160?
119
Calculate the remainder when 12363 is divided by 104.
91
What is the remainder when 106367 is divided by 96?
95
Calculate the remainder when 24189 is divided by 52.
9
What is the remainder when 185540 is divided by 29?
27
Calculate the remainder when 26739 is divided by 76.
63
Calculate the remainder when 20752 is divided by 113.
73
Calculate the remainder when 991887 is divided by 206.
203
Calculate the remainder when 67128 is divided by 417.
408
Calculate the remainder when 2978974 is divided by 176.
174
Calculate the remainder when 16965 is divided by 202.
199
Calculate the remainder when 12856 is divided by 153.
4
What is the remainder when 13114 is divided by 38?
4
What is the remainder when 3129 is divided by 312?
9
Calculate the remainder when 12758 is divided by 12689.
69
What is the remainder when 8140 is divided by 326?
316
What is the remainder when 20421 is divided by 6700?
321
What is the remainder when 5370 is divided by 675?
645
Calculate the remainder when 14356 is divided by 18.
10
What is the remainder when 4231 is divided by 4225?
6
Calculate the remainder when 6241 is divided by 2065.
46
What is the remainder when 125663 is divided by 21?
20
Calculate the remainder when 14265 is divided by 170.
155
What is the remainder when 9371 is divided by 615?
146
Calculate the remainder when 36079 is divided by 4.
3
Calculate the remainder when 1697110 is divided by 41.
38
What is the remainder when 8070 is divided by 3?
0
What is the remainder when 2619 is divided by 2397?
222
What is the remainder when 4808 is divided by 2262?
284
Calculate the remainder when 32282 is divided by 129.
32
Calculate the remainder when 300714 is divided by 16.
10
Calculate the remainder when 17498 is divided by 12.
2
What is the remainder when 8781 is divided by 1462?
9
Calculate the remainder when 9763 is divided by 155.
153
Calculate the remainder when 8660 is divided by 3769.
1122
Calculate the remainder when 1073608 is divided by 30.
28
Calculate the remainder when 442425 is divided by 28.
25
Calculate the remainder when 209363 is divided by 478.
477
What is the remainder when 14013 is divided by 535?
103
Calculate the remainder when 153 is divided by 39.
36
Calculate the remainder when 2153535 is divided by 181.
178
What is the remainder when 149977 is divided by 18746?
9
What is the remainder when 278229 is divided by 15457?
3
Calculate the remainder when 643177 is divided by 988.
977
Calculate the remainder when 568 is divided by 75.
43
What is the remainder when 337594 is divided by 251?
250
What is the remainder when 58648 is divided by 26?
18
Calculate the remainder when 28241 is divided by 28200.
41
What is the remainder when 45092 is divided by 45051?
41
What is the remainder when 2056 is divided by 252?
40
What is the remainder when 44346 is divided by 30?
6
Calculate the remainder when 551881 is divided by 213.
211
Calculate the remainder when 8702 is divided by 865.
52
Calculate the remainder when 49240 is divided by 771.
667
What is the remainder when 384063 is divided by 57?
54
Calculate the remainder when 455867 is divided by 455867.
0
Calculate the remainder when 59692 is divided by 112.
108
Calculate the remainder when 11205 is divided by 26.
25
Calculate the remainder when 31076 is divided by 444.
440
Calculate the remainder when 6629 is divided by 48.
5
What is the remainder when 5797 is divided by 2013?
1771
Calculate the remainder when 5488 is divided by 2733.
22
Calculate the remainder when 61195 is divided by 1030.
425
What is the remainder when 1284 is divided by 301?
80
Calculate the remainder when 52073 is divided by 56.
49
Calculate the remainder when 18997 is divided by 10.
7
What is the remainder when 38541 is divided by 459?
444
Calculate the remainder when 17514 is divided by 146.
140
Calculate the remainder when 17063 is divided by 282.
143
What is the remainder when 5852 is divided by 61?
57
What is the remainder when 208878 is divided by 49?
40
Calculate the remainder when 83248 is divided by 40.
8
What is the remainder when 17150